ided by 4.
0
Suppose o = 2*z - 149, 0*z = -3*z + 3*o + 228. Calculate the remainder when z is divided by 20.
13
Suppose -244 = -b - 3*b. Suppose 2*g = -0*g - 18. Let n = 25 + g. What is the remainder when b is divided by n?
13
Calculate the remainder when 15 is divided by ((-18)/30)/((-2)/10).
0
Suppose 4*w - 64 = -4*c + 24, w = c + 32. Calculate the remainder when 50 is divided by w.
23
What is the remainder when 17 is divided by -2 + (2 - -2) + 13 + -5?
7
Let z = 24 - 10. Calculate the remainder when 41 is divided by z.
13
Let x = 29 + 1. Let i = 25 - 9. What is the remainder when x is divided by i?
14
Let d(f) = -3*f - 1. Let t be 0/(-1) + 0 + -1. Suppose -5*o - 19 = -3*z - 5, 0 = -z + o + 4. What is the remainder when z is divided by d(t)?
1
Suppose 0 = 121*u - 117*u - 36. Calculate the remainder when 34 is divided by u.
7
What is the remainder when -4 - -98 - (1 + 1) is divided by 31?
30
Let d = -13 - -19. What is the remainder when 15 is divided by d?
3
Calculate the remainder when 10/4*1*22 is divided by 28.
27
Suppose 0*a = 3*a - 381. Calculate the remainder when a is divided by 32.
31
Let f = 19 + -13. What is the remainder when (2 + -1)*(-4)/(-2) is divided by (f/15)/(2/5)?
0
Suppose -48 + 13 = 5*d. Let t(u) = u**2 + 5*u - 7. What is the remainder when t(d) is divided by 1/2*(-12)/(-2)?
1
Let s(a) = -a**3 + 11*a**2 - 10*a. Let o be s(10). Suppose 0 = 5*j - 2*j + 9, o = -3*q + j + 27. Calculate the remainder when q is divided by 3.
2
Suppose -4*a = -9*a + 375. Suppose s - a = -4*s. Calculate the remainder when 59 is divided by s.
14
Let z = -10 + 44. Calculate the remainder when z is divided by 7.
6
Suppose 3*l + 0*l = 5*s - 200, -2*l = -2*s + 84. Calculate the remainder when s is divided by 10.
7
Suppose -6*k - 25 = -k. Calculate the remainder when 687/15 - 1/k is divided by 16.
14
Let t be (4/(-3))/(4/(-6)). Let m = t - -7. Calculate the remainder when m is divided by 5.
4
Suppose 0 = 4*s - 358 - 14. Calculate the remainder when s is divided by 19.
17
Let l be (1 - -1)*(-2 + 3). Suppose -h = -5*w + l*h + 101, 5*h = 15. Calculate the remainder when 70 - 5 - (1 + -1) is divided by w.
21
Suppose 5 = -3*z + 17. Let j be 2 + (-1)/2*-2. Suppose x - 19 = 4*r, -j*x - 26 = -5*x + 4*r. What is the remainder when x is divided by z?
3
Suppose 5*j + 7 - 32 = 0. Calculate the remainder when 12 is divided by j.
2
Let u = 7 + 5. Let b(p) = p**2 - 3*p - 8. What is the remainder when b(9) is divided by u?
10
Let u(d) = -2*d**3 - 4*d**2 - 5*d - 2. Let i be u(-4). Suppose 3*s - 368 = -4*b + 5*s, 3*s + i = b. Calculate the remainder when b is divided by 32.
30
Let y(q) = q**3 + 20*q**2 + 15*q - 22. Let a = 67 + -48. What is the remainder when y(-19) is divided by a?
16
Suppose 50 = j + 2*d - 53, j - 4*d = 109. Calculate the remainder when j is divided by 27.
24
Suppose 4*j = 3*i - 0*j - 16, -2*i + 5*j - 1 = 0. Suppose 173 = 5*o - 217. Let y = -44 + o. What is the remainder when y is divided by i?
10
Let a(n) = n + 37. Calculate the remainder when 48 is divided by a(-12).
23
Let l = 90 - 63. Calculate the remainder when 78 is divided by l.
24
Let p(c) = c + 11. Calculate the remainder when p(6) is divided by 8.
1
Let s(i) = -i + 19. Let p be s(8). Suppose -1 = -2*v - p, 0 = l + 4*v - 3. What is the remainder when l is divided by 8?
7
Suppose -5*d + 2*g - 2 + 71 = 0, -3*d - g + 37 = 0. Calculate the remainder when 60 is divided by d.
8
Suppose 5*u + 10 = -3*q + 104, 4*u = 2*q - 92. Calculate the remainder when q is divided by 1 - 8*(-6)/4.
12
Let c(s) = s. Let l be c(3). Suppose -5 = -b + l. Suppose -43*d = -95 - 120. Calculate the remainder when b is divided by d.
3
What is the remainder when 51 is divided by -3 - 266/(-8) - 1/4?
21
Let b(x) = 4*x - 1. What is the remainder when 59 is divided by b(4)?
14
Suppose a - 8 = 1. Calculate the remainder when 26 is divided by a.
8
Let g(h) = 90 - 5*h - h**2 + 75 + 3*h + h. Let v be g(0). Calculate the remainder when v/(-2)*(-8)/12 is divided by 14.
13
Suppose -5*p + 3*p + 137 = -3*k, -117 = -2*p - k. What is the remainder when p is divided by 31?
30
Let o = -12 + 24. Let t(w) = -22*w**3 + 1. Calculate the remainder when t(-1) is divided by o.
11
Let p(n) = -n**3 + n**2 - 5. Let c be p(0). Let v = c - -9. Suppose 15 - 3 = 4*k. What is the remainder when v is divided by k?
1
Let o(b) = 60*b + 1. Calculate the remainder when o(1) is divided by 21.
19
Let f = -45 + 78. Let h(t) = t - 2. Let k be h(2). Suppose k = -5*s + 7 + 38. What is the remainder when f is divided by s?
6
Let q(u) = u**3 - u**2 + u. Suppose -12 = -4*o + 4*r, o = 4*r - 2 + 8. Let y be q(o). Suppose k = y*k - 35. What is the remainder when 13 is divided by k?
6
Suppose -2*w + 4 = 5*k - 2, 2*k = -4*w + 28. What is the remainder when 38 is divided by w?
6
Suppose 32 = 2*h + 2*h. Suppose -2*z - 10 = 0, 0 = -5*j + z - 0 + 5. Let x = 3 + j. What is the remainder when h is divided by x?
2
Suppose 2*j - 27 = -h + 1, 110 = 5*h - 5*j. Let s be (8/20)/((-4)/(-10)). What is the remainder when h is divided by ((-1)/(-3))/(s/39)?
11
Suppose 570 = 5*a - 5*n - 0*n, 5*n = -4*a + 411. Suppose 205 - 37 = 6*d. What is the remainder when a is divided by d?
25
Let u(g) = g**3 + 6*g**2 + g + 7. Let a be u(-6). Let q(y) = -y**3 + 3*y**2 - 2. Calculate the remainder when (-1)/((-9)/6 + a) is divided by q(2).
0
Let r = 63 + -31. Calculate the remainder when 92 is divided by r.
28
Let w(x) = -x**3 + 5*x**2 + 2*x + 4. Let g(b) = -3*b - 1. Let p be g(3). Let r = p + 37. What is the remainder when r is divided by w(5)?
13
Let q = -9 + 21. Let r(u) = -u**2 - 9*u. Let d be r(-9). Suppose 2*l - l - 34 = d. What is the remainder when l is divided by q?
10
Let a(g) = g**2 - 9*g + 10. Let d be a(9). Let x(p) = d - p + p**2 + 9*p - 2*p**2. What is the remainder when 32 is divided by x(7)?
15
Let k(s) be the first derivative of 3*s**2/2 - 5*s + 1. Let v(x) = -x**3 + 3*x**2 + 6*x - 3. Let c be v(4). Calculate the remainder when 19 is divided by k(c).
9
Suppose -2*m - 3*z + 8 = 0, 16 = -0*m + 4*m + 5*z. Suppose -152 = m*b - 384. Let h = -27 + 47. Calculate the remainder when b is divided by h.
18
Suppose 0*r = -4*r - 52. Let q = r + 16. Calculate the remainder when 8 is divided by q.
2
Suppose 38 = 3*p - 2*p. Calculate the remainder when p is divided by 3*(-1 + 80/15).
12
Let p(m) = -m - 1. What is the remainder when 10 is divided by p(-5)?
2
Let x = 269 - 52. Suppose -33 = -5*t + x. Suppose -s - 3*r + 37 = r, -r + 5 = 0. Calculate the remainder when t is divided by s.
16
Let g = -49 + 82. What is the remainder when g is divided by 12?
9
Let a(t) = t + 4. Let j be a(8). Calculate the remainder when j/4 + (-2 - -31) is divided by 11.
10
Let g be (-7 - -2)*(-4)/10. Suppose -3*n = -2*n + 5, 4*n = -g*t - 12. Suppose -4*i + 1 = s, -3*i = t*s - 2 - 67. What is the remainder when s is divided by 11?
10
Let b = 20 + -17. Suppose 49 - 4 = 5*o. Calculate the remainder when o is divided by b.
0
Calculate the remainder when 127 is divided by 2 + (-16)/6 - 400/(-15).
23
Suppose -i - 4*t + 2 = 0, 29 = 5*i + 4*t - 29. Suppose 0 = 4*h - i - 34. Calculate the remainder when h is divided by 7.
5
Let a(x) = -x - 1. Let v be a(-4). Suppose -5*r + 2*b = -97, -v*r = -3*b + 5*b - 71. Calculate the remainder when (12/8)/(9/(-24)) + 44 is divided by r.
19
Let s = 32 - 3. What is the remainder when 144 is divided by s?
28
Let v = 6 + -4. Let x = -4 - -17. Calculate the remainder when x is divided by 7/(-14)*v*-5.
3
Let i = 25 - 23. What is the remainder when (56/(-32))/(i/(-24)) is divided by 12?
9
Let m(x) = -4*x**2 - 3*x - 3. Let p be m(-2). Let a = 53 - 56. Let q = a - p. Calculate the remainder when 18 is divided by q.
8
Suppose 0 = 3*a + 3 + 15. Let n = 7 - a. What is the remainder when n is divided by (5 + -6)*(-5 - 0)?
3
Let j(r) = -2*r**2 - r + 2. Calculate the remainder when 6 is divided by j(0).
0
Suppose 2*v + 58 = 4*i, -4*v = v - i + 100. Let l = -3 - v. Calculate the remainder when 63 is divided by l.
15
Let k(r) = r + 7. Let g be k(-11). Let h(q) = -4*q + 1 + 5*q - 2*q. What is the remainder when h(g) is divided by 2?
1
Suppose -18 - 10 = -7*v. Let n(c) = 0*c**3 - 3*c**3 + 8*c + 3 + 7*c**2 + 4*c**3. What is the remainder when n(-5) is divided by v?
1
Suppose -5*d - v - 3*v = -86, 5*d - v - 66 